ctors of r(-11)?
239
Suppose 2*a - 180 = -172. List the prime factors of 104 + (a - 12/2) + -3.
3, 11
Let d be (((-1)/(-3))/(13/39))/1. Let u be d - 3 - (-90)/18. Let l(f) = 21*f - 14. What are the prime factors of l(u)?
7
Let g(a) be the first derivative of -133*a**2/2 - 194*a + 92. What are the prime factors of g(-6)?
2, 151
Let d be 1/5*347 - (-33)/55. Suppose 0*s + s + 66 = 0. Let z = d + s. List the prime factors of z.
2
Let a = -6110 + 11376. What are the prime factors of a?
2, 2633
Suppose 0 = -3*t + m + 49, 2*t - 11 = -2*m + 27. Suppose 4*z = -t*z + 17136. List the prime factors of z.
2, 3, 17
Let f = -338 + 2182. What are the prime factors of f?
2, 461
List the prime factors of (4434/(-8))/((-591)/32308).
41, 739
Let n(v) = 119*v**2. Let y be n(-1). Let l = 516 - y. What are the prime factors of l?
397
Suppose -65*n + 4*f - 104364 = -69*n, n - 3*f - 26079 = 0. List the prime factors of n.
2, 3, 1087
Let a = -75751 + 148749. What are the prime factors of a?
2, 17, 19, 113
Let p(o) = -26*o**3 + 4*o**2 - 15*o. Let y(l) = 51*l**3 - 7*l**2 + 29*l + 1. Let x(h) = 7*p(h) + 4*y(h). What are the prime factors of x(3)?
631
Suppose 3*b + 32 = 44. Let y be 0 + -1*(b + -413). Let p = y - 246. What are the prime factors of p?
163
What are the prime factors of ((-90)/108)/((-15)/(-9))*-39718?
7, 2837
List the prime factors of 2685900/90 - 4/(-6).
2, 3, 829
Let s(l) = 178*l**2 - 216*l + 2296. List the prime factors of s(10).
2, 19, 59
Suppose g = -t + 2304, 8*t - 3*g = 10*t - 4609. Let h = t + -1394. List the prime factors of h.
3, 101
Let c = 218 + -214. What are the prime factors of (9/6)/(c/1248*1)?
2, 3, 13
Let l be 5 - (4 + 5/(-5)). Suppose -2*c = 3*w + 3*c - 13, 2*c - 10 = -l*w. Let i = w - -51. List the prime factors of i.
3, 19
Let r = -20478 + 42234. What are the prime factors of r?
2, 3, 7, 37
Let f(u) = -3829*u + 5. Let g be f(-1). List the prime factors of 1*3/6 - g/(-12).
2, 5
Let b(c) = -58*c - 752. Let u be b(-13). Let w = 9 + -6. Suppose 96 = y - u*j, 0*j = -w*y + j + 263. List the prime factors of y.
2, 43
Let m be -7 + 3 + 13 + 1. Suppose m*k - 545 - 3795 = 0. List the prime factors of k.
2, 7, 31
Let d be 1 + ((-6)/(-21) - (-542)/14). Suppose -3*m - 30 = -3*k - 0*m, -2*m + d = 3*k. What are the prime factors of k/2 + (-9 - -9)?
2, 3
Suppose -15164 + 4999 = -19*f. Suppose -3*a = b - f, -10 = 3*b - b. List the prime factors of a.
2, 3, 5
Suppose -15 = 5*p, -3*u - p = 4*p - 6. Suppose -8*z + u*z = 54. Let n = z + 146. What are the prime factors of n?
2, 23
Let i(z) = 17*z**3 - z**2 + 2*z - 2. Let n be i(1). Suppose 136 = -12*y + n*y. What are the prime factors of y?
2, 17
List the prime factors of 143853/4 - (-565)/(-452).
2, 17981
Let i(k) = -10*k - 65. Let x be i(-6). What are the prime factors of x + 8 + -6 + 222/1?
3, 73
Let b = -615 + 646. Suppose 8*i + 2231 = b*i. List the prime factors of i.
97
Suppose -6*p = -30, -w - 5*p + 4097 = -23503. List the prime factors of w.
5, 1103
Let b(r) = 42*r**2 + 41*r + 255. What are the prime factors of b(-23)?
2, 5, 2153
Suppose 8*v - 3*v = -81059 + 302129. List the prime factors of v.
2, 3, 7369
Suppose -2 = -2*k - u + 18, 4*u = 5*k - 37. Let z(l) = -l**3 - 18*l**2 + 14*l - 98. Let n be z(-19). List the prime factors of (6 - n)*69/k.
3, 23
Suppose 510 = 6*f - f. Let p = f - 66. List the prime factors of p.
2, 3
Let u(x) = 2*x**2 + 26*x + 3. Let w be u(-13). Suppose 0 = -w*t - 5*q - 857 + 2978, 0 = -3*t + 3*q + 2097. List the prime factors of t.
2, 3, 13
Let r = 344 + -91. Suppose 24*v + r = 25*v. List the prime factors of v.
11, 23
Let i = 1905 - 1033. Suppose -4*v + 700 = -2*x, 5*v + 0*x - x - i = 0. List the prime factors of v.
2, 3, 29
Let w(g) = g**2 + 10*g. Let j be w(-11). Suppose -4*d = 7 - j. List the prime factors of (d - (-2)/1) + 109.
2, 7
Let t(q) = 1168*q**2 + 1404*q - 11180. List the prime factors of t(8).
2, 18701
Suppose 4*k - k - 2*n - 36 = 0, -n = 3*k - 27. Suppose 8*m + 12 = k*m. List the prime factors of (4 + 1)*m*(-63)/(-30).
3, 7
Let m(l) = 13281*l - 70. List the prime factors of m(1).
11, 1201
Let w = -51046 - -93953. What are the prime factors of w?
107, 401
Let w be (-2)/(-9) - (-392)/(-63). Let g be 44 - ((-1)/1)/(w/12). Suppose 64*x = 65*x - g. What are the prime factors of x?
2, 3, 7
What are the prime factors of (-36)/(-6)*1 + 6474 + -8?
2, 809
Let w(l) = -l**2 - 324*l + 9354. What are the prime factors of w(-169)?
19, 1871
Let z(d) = -d. Let i(b) = -16*b - 2. Let w(f) = -i(f) + 5*z(f). Suppose -4*m + 17 = 13. What are the prime factors of w(m)?
13
Let w be ((-384)/66 - 4/22)*-2. Suppose -2*s = -104 + w. Let m = s - -10. What are the prime factors of m?
2, 7
Let x be (27/(-54))/((-1)/(-2)). Let u(t) = -t - 3 + 2 - 116*t**3 + 2*t + t**2 + 2. What are the prime factors of u(x)?
3, 13
Let t(z) = -z**2 - 1. Let m be t(0). Let w be (m/2)/((-7)/70). Suppose 6*f = 5*f + w*b + 20, 0 = b - 1. List the prime factors of f.
5
Suppose -13*j + 8 = -9*j. Suppose -2*s + 2 = -5*g + 15, -2*g - j*s = -8. Suppose 0 = -p - 5, -g*p - 402 = -2*b - b. What are the prime factors of b?
3, 43
Let r(d) = -d**2 + 9*d - 5. Let c be r(8). Suppose -2*z - 1 = -c*z. What are the prime factors of 85 + -2 - (z + -2)?
2, 3, 7
Let k = 67 - 8. Let c be (-592)/(-185) - (-1)/(-5). Suppose 2*b = c*d - 52, -5*d = b - 45 - k. What are the prime factors of d?
2, 5
Suppose -62*h = -12*h - 361500. List the prime factors of h.
2, 3, 5, 241
Suppose 5*v + 220 = 2770. Suppose 132 = 6*d - v. Let a = d - 28. List the prime factors of a.
79
Let y be (-39)/7 - (-4)/7. Let s = 14 + y. Suppose 555 = 14*x - s*x. What are the prime factors of x?
3, 37
Let m(h) = -h + 15. Let u be (19/76)/(2 - 151/76). Let g be m(u). List the prime factors of 171 - 2 - (g - -7 - 2).
2, 3, 7
Let z(f) = 970*f**2 - 8*f - 16. What are the prime factors of z(-2)?
2, 5, 97
Suppose 289651 + 280906 = 20*u - 48943. What are the prime factors of u?
3, 5, 7, 59
Suppose 0 = -3*r - 14 + 44. Suppose 2460 = r*g - 1340. Let o = g - 197. List the prime factors of o.
3, 61
Let f(r) = 2*r**2 - 25*r + 9. Let m be f(3). List the prime factors of (8/m)/((-2)/(-6))*-890.
5, 89
Let c = 21603 + -14622. What are the prime factors of c?
3, 13, 179
Let c be (-3)/(-2)*40/3. Let k(j) be the first derivative of j**3/3 - 10*j**2 + 32*j - 50. What are the prime factors of k(c)?
2
Suppose -6*t = -8*t + 5*g + 84637, 0 = -t + 4*g + 42314. What are the prime factors of t?
2, 21163
Let u(l) be the first derivative of -5*l**4/4 - 5*l**3/3 - 11*l**2/2 - 83*l - 52. What are the prime factors of u(-6)?
883
Let b be (5 - -171) + (0 - 6). Suppose 4*f + 2*h = 822, f - b = 4*h + 40. What are the prime factors of f?
2, 103
Suppose -3*z = -5*b + 16, -3*z + 5 = 5*b + 1. Suppose 2*d = b*o + 998, -d - 2*d = 4*o - 1511. List the prime factors of d.
3, 167
Let w(f) = -121 - 70 + 282*f + 247 - 188. What are the prime factors of w(4)?
2, 3, 83
Let c(b) be the second derivative of 65*b**4/24 - b**3/2 + 10*b**2 - 21*b. Let z(y) be the first derivative of c(y). What are the prime factors of z(2)?
127
Suppose 9*k = 5*k + 28. Suppose 0 = -k*m + 173 + 457. Let g = m - 69. What are the prime factors of g?
3, 7
Suppose -2*m = -18 - 36. Let x = m - 19. Let o(k) = 2*k**2 + 2. List the prime factors of o(x).
2, 5, 13
Let t(z) = z**2 - 2*z + 343. Let q be t(0). Suppose 7*c - q = -0*c. Let b = c - 46. List the prime factors of b.
3
Let g(j) = j**2 + 7*j + 53. Let o be g(0). Let n = o - 49. Suppose 2*m - 573 = a - n*a, -2*a + 390 = 4*m. What are the prime factors of a?
3, 7
Let o(s) = -5*s**3 + 16*s**2 + 46*s + 164. Let t(l) = l**3 - 3*l**2 - 9*l - 33. Let z(y) = -2*o(y) - 11*t(y). What are the prime factors of z(-8)?
3, 5, 37
Let l(p) = 1118 + 23*p**3 - 22*p**3 - 3*p**2 + p**2. Let j be l(0). Suppose 17*q = j + 1279. List the prime factors of q.
3, 47
Suppose 0 = 8*p - 15*p + 6615. Suppose 2*v + 3*o = 727, -5*v + 2*o + p + 844 = 0. List the prime factors of v.
359
Let y(a) = -a**3 + 15*a**2 + 2*a - 13. Let n be y(15). Suppose -4863 = -n*x + 7258. What are the prime factors of x?
23, 31
Let o(x) = x - 1 + 0*x - 4*x**2 - 5*x + x**3 - 2. Let p be o(5). Suppose 4*q + 387 = 3*s, -s + p*q + 129 = 5*q. What are the prime factors of s?
3, 43
Let p = -22632 - 16682. What are the prime factors of (-6)/16 + p/(